aluate -7 - 39 - (-15 + -1 - (-236 + 218)).
-48
Calculate -927 + 933 + -62 + 3 + (0 - 4).
-57
Evaluate (-17 - (-47 + 25)) + -51.
-46
(15 - -1 - (-32 + 22 + 25)) + -2 + 120
119
Evaluate 28 - (37 + -72 - -18 - 54).
99
What is the value of 13 + (-4 - (-7 - -7)) - (58 + 2 + 0)?
-51
Calculate 3 + -6 + 2 - (-15 - (-17 + 6 - -44)).
47
-31 + (25 - 8) + (19 - 25) + (-18 - -4)
-34
Evaluate (-2 - 43) + 7 - (1565 + -1455).
-148
72 - 53 - (-13 - (-37 + 7))
2
What is the value of -1 + 1 - (38 + 4 + -12 + -67)?
37
Calculate 28 - (-18 - (43 + -47)).
42
What is the value of (27 - (56 + -21)) + -7?
-15
Calculate 5 + -30 + 13 + 76.
64
Evaluate -447 + 406 + (2 - -5 - 1) + -3.
-38
1 + (3 - 2) + (3 - -75) + -66 + 54
68
What is the value of (-134 - -155 - (-8 - -72)) + 113?
70
What is 5 + (-11 - (4 + 0)) + -575 + 545?
-40
2664 + -2692 - (94 + (0 - -1))
-123
Evaluate -216 + 215 - ((0 - -1) + 7) - -75.
66
What is -6 + -1 - (-170 + 150 - -14)?
-1
Calculate -1 + (-2 - 1) - (70 - 96 - (0 + 38)).
60
105 - 159 - -109 - 81
-26
Evaluate 3 + -20 - ((-33 - 15) + 31).
0
What is (-57 - ((-2 - (-1 + -6 + 7)) + -4)) + 10?
-41
What is 31 + 6 - (-181 - -147)?
71
What is the value of (-118 - -126) + (6 + 3 + -3 - 2)?
12
What is (-26 + -21 + 28 - -18) + 45?
44
What is (-89 - -51) + -19 - -70?
13
Calculate 96 + (0 - (11 - (-6 - (-8 - -1))) - -9).
95
What is 6 - (-122 + 127 + (57 + -6 - 2))?
-48
Evaluate 502 + -472 + -1 + -16 - 2.
11
16 + -1 + -31 + (8 - -6)
-2
Calculate (-14969 - -15070) + -6 + 0.
95
Evaluate 2 - (-279 - -272 - (-21 - -1)).
-11
Calculate 82 + (16 - (-1 + 0 - (-165 - -161))).
95
-2 + -54 + (-162 - (-119 + -52))
-47
Calculate -3 + -14 + (21 - -58 - -41) - (7 + 0).
96
Evaluate -45 - (14 - 1 - (-11 + 13)) - (1 + 5).
-62
What is the value of (-586 - -560) + (-3 - -3)?
-26
What is the value of -2 + -5 - (-173 + 164 - (-1 + 4 - 3))?
2
Calculate 78 + (40 - 35 - 7).
76
What is -19 + -12 + 28 - (-84 + -2)?
83
What is the value of 12 + (2 - 3 - -2 - (-201 - -216))?
-2
Calculate -80 + (43 + -45 - -31).
-51
Calculate -1 - (-26 + 0) - (-45 - -131 - (64 - -15)).
18
What is 143 + 18 + -112 + -49?
0
Calculate -92 - (14 + (4 + -3 - -17) - 14).
-110
What is (-97 - (-27 + -150)) + -131?
-51
47 + (4 + 62 - 33)
80
Calculate (-502 - -516) + (-29 - 2).
-17
What is -18 + -3 - (0 - -4)?
-25
Evaluate 250 + (124 - 155) + -74.
145
What is -86 + (21 - (41 + -13) - 27)?
-120
602 + -557 + 2 + -1 + -4 + 1 + 9
52
-39 - 2 - (-1 + -61 - -53)
-32
What is (-151 - -45 - -89) + 38 + 3?
24
Calculate 49 + 14 - (4 + -3) - 6 - (7 - 2).
51
Evaluate -53 + 46 - (-10 - (-18 + -42)).
-57
0 + (0 - (-91 - 1)) + (-57 - (-62 - -19))
78
What is the value of 0 - 8 - ((33 - 79) + 13 + (-5 - -1))?
29
103 - ((-2 - -101) + -54)
58
Calculate 25 - (1 + 9 + (31 - -16 - 71)).
39
What is the value of -20 - 10 - -3 - (-75 - 3)?
51
(26967 - 27118) + 175 + -1
23
(67 - 20 - 29) + 4 + -36
-14
What is the value of (-148 - -134 - (0 - -46)) + 15?
-45
Calculate -48 + (-23 - -43) + 67 + -17.
22
Calculate -242 + (-370 - -610) + 0 + (1 - 1) + 2.
0
Calculate (96 - (100 - 31)) + (-2 - -18).
43
(2 - 0) + -8 + (637 + -706 - (-43 + 3))
-35
Evaluate 41 + 0 + (88 - 161).
-32
What is the value of 151 + -153 + (49 + 0 - (-28 - -24))?
51
What is -19 + 30 + (-77 - -42)?
-24
What is (-18 - -21 - -9) + (-9 + 4 + 2 - -50)?
59
What is the value of (1 - (5 + -22 + 9)) + (-26 - 3)?
-20
What is 8 - (14 + 24 + -19 + -87) - (-1 - -10)?
67
What is the value of (32 - (-22 - -28)) + -57?
-31
Calculate 1 + 1 + 74 - ((4 - -40) + (94 - 129)).
67
Evaluate 16 + (2 + -3 - (-43 + 58)) - -59.
59
What is (6 - (-1 + 20) - (-24 + (-15 - -27))) + 98?
97
Evaluate (11 - 0) + (30 - 53).
-12
Calculate 32 - (14 + -5 - -48) - 58.
-83
103 + -123 + -65 + 1 + 5
-79
What is the value of 106 + (-46 - (-22 - -30))?
52
What is the value of 28 + -6 + (-27 - (36 - 40))?
-1
(14 - (-18 + (-3 - 9) + 55)) + 122 + 1
112
Evaluate -11 - (19 + 21 + -30 + 97).
-118
What is -8 - (0 - 1) - (-10 + 11 + 61)?
-69
Evaluate -106 - -203 - 37 - 0.
60
What is (-2 - -11) + (-16 + -11 + 6 - -11 - -6)?
5
What is 12 - (-11 - -9) - (80 + (-6 - -9))?
-69
Calculate (25 - 2) + -1 + (374 - 395).
1
-4 + 1 + 39 + (6 - 18)
24
Calculate -5 - -1 - (-32 + 6 + 18 - (7 + -3)).
8
What is the value of (-479 - -495) + 1 + -3 + -48?
-34
583 + -571 - (60 - -1) - (2 - -1 - 5)
-47
Calculate -2869 + 2829 - ((-2 - 3) + 2 - -4).
-41
-66 - (58 - 117) - -68
61
Evaluate 0 + -10 - ((8 + -2 + -4 - -5) + -4).
-13
Calculate -49 + 39 - (-17 + (2 - ((7 - -2) + -5))).
9
Calculate 1 + 5 + -3 + -9 - 33.
-39
What is the value of (-24 + 15 - (-5 - -2)) + 3?
-3
Evaluate (6 - (-3 - -20)) + 28 - -25.
42
What is (-36 - -60) + -62 + -21?
-59
What is -20 - (-20 - -4) - (0 + 13) - 30?
-47
What is -1504 + 1536 + (-16 - 3)?
13
Calculate (-94 + 16 - -203) + -23.
102
Calculate 5 + 14 + -20 - 8 - -8.
-1
142 + -76 - (0 + (1 - 6))
71
What is -17 + 9 + (5 - (-76 - -8)) + 9?
74
Evaluate 26 - 54 - (59 + -99).
12
What is the value of -44 + (0 - (-12 - -3)) - (-6 - -11 - 1)?
-39
What is 33 + 26 + -11 - 38?
10
9 + (-22 - (15 + -47 + 13))
6
Evaluate (25 - 9 - 13 - -39) + -17.
25
Evaluate 11 + (-22 - -15 - 14 - -29).
19
What is 120 - (11 - (-41 - -13) - 18)?
99
-148 - (-7 - (-20 - -175))
14
Evaluate 50 - (-6 - (5 + 7 + -4)) - 6.
58
What is -23 + 69 + -12 + -31 + 3?
6
Calculate -3454 - -3506 - (97 - -1).
-46
(7 - (7 - 5)) + 12 + -75
-58
Calculate (41 + -17 + -25 - 17) + (12 - -1).
-5
What is (-1936 - -1898) + (2 - -30)?
-6
31 + 1 + (-41 - -11)
2
What is (1 - -64) + 10 + (2 - (6 - -15))?
56
What is (3 - 10) + 0 + 124 + -38 + -100?
-21
What is 2 - ((2 - -6) + 11)?
-17
78 + -46 + -19 - (9 - 2)
6
What is -16 + 30 + -24 + (-3 - 32)?
-45
What is the value of (-1 - 9) + ((13 - 37) + 47 - 69)?
-56
What is -26 + (-41 - -58 - -5)?
-4
-33 + (1 - 3 - (-19 + -8))
-8
Evaluate 16 - ((71 + -23 - -21) + -19).
-34
2 - 8 - (-2 + 10 + -8) - 12
-18
Evaluate (-9 - -2) + 1788 + -1794.
-13
What is -135 - ((-53 - -28 - (1 - 13)) + (6 - 1))?
-127
What is the value of -46 + 4 + -1 - (-14 - (-18 + 14))?
-33
Evaluate (-469 - -180 - -167) + (6 - (0 + 2)) + -19.
-137
Evaluate -22 + -19 + (-39 + 2 - -22).
-56
(1 - 2 - 1) + (31 - 44 - -4)
-11
Calculate -16 + (42 - (14 - (-27 + 5))).
-10
What is 1 - -1 - 86 - (-780 - -782)?
-86
What is the value of 38 - 0 - 182 - ((12 - 13) + -1)?
-142
What is the value of 4 + -4 + -5 + (12 - (26 - 13))?
-6
Evaluate (20 - 3 - (-12 - -31)) + 12.
10
Calculate ((15 - 47) + 18 - 44) + 6 + 2.
-50
-15 - ((77 - 10) + 2 + -5)
-79
What is 9 + (24 - 6 - (-19 - -23))?
23
Calculate -18 - (-36 + (2 - -29)).
-13
What is -13 + 22 - (5 + -32 + 10 - 9)?
35
(-87 + 22 - 15) + 36
-44
Calculate -1 + 21 + 565 + -585 + -4.
-4
What is the value of (0 - -5) + -1 + -1 - (0 - 4) - 1?
6
25 + -75 + 5 + 43
-2
What is the value of (-138 - -121 - (2 - 7)) + 3 + 17?
8
What is the value of (-60 - -45 - -14) + (0 - -27)?
26
(-242 - -309) + -35 + -1 - (0 - 2 - -10)
23
What is the value of 1 - -32 - (1447 + -1465)?
51
Calculate -13 + 22 + -8 - 23 - -8 - 24.
-38
Calculate 3 - (35 + -31 + -23 + 3 + -1).
20
Calculate 20 - ((19 - 2) + (-8 - 34)).
45
Calculate 2 + (-37 + 1 - (-3 - (30 - 46))).
-47
Calculate 0 + -86 - -1 - ((36 - (72 - 62)) + -38).
-73
Evaluate 8 - (15 + -39 - (-11 - 30)).
-9
(67 - -28) + (-26 - -11)
80
1 - -26 - (-100 - -77 - (11 + -24))
37
Evaluate (-33 - -25 - 6) + (-17 - -7).
-24
What is -308 - -319 - (-26 - -3) - 119?
-85
Evaluate 1 - -12 - (-12 + 81 + 12) - -4.
-64
Calculate -11 + 3 - (-401 - -414 - (2 + 8)).
-11
Calculate 41 + 41 + -37 + 38.
83
What is (-43 + 24 - -26) + -19 + -6?
-18
Evaluate 11 + -12 - (8 - (1 + -2 - -14)).
4
What is 8 - (-5 + (15 - 42 - -19))?
21
(-1 - 98) + 6242 + -6165
-22
Calculate 5 + -53 + (6 - 0) + (0 - -3) + 4.
-35
2016 + -1957 - ((1 - -22) + 2)
34
Evaluate 4 + (-74 + -19 - -97).
8
What is the value of 69 - (-19 + (29 - (-16 + 34)))?
77
What is 1150 + -1126 - ((-24 - -48) + 3 + 0)?
-3
What is 614 - 609 - (-7 + (30 - 2))?
-16
Evaluate 35 - 1 - (-16 + (8 - -3)).
39
26 + ((12 - 1) + (1 - 15) - -10)
33
Calculate 76 - (194 - (140 + -7)).
15
What is the value of (46 - 68 - -4) + 77?
59
(3650 - 3633) + -2 + 37 + 0
52
Calculate 21 + (27 - (4 - 22)) + 1.
67
Evaluate (-6 - -13 - 30) + 23 + -76.
-76
-58 + 0 + -65 + 190 + -117
-50
Calculate -1 + 1 + 2 - (-1 + 73 - (-3492 